-2. Let d be -6 + 10 - 40/(-2). Let q = d + -18. What is the greatest common divisor of m and q?
6
Let a be ((-41)/(-4))/(7/28 + 0). Calculate the highest common divisor of a and 328.
41
Suppose 776 = 2*n + 3*i - 2*i, 1940 = 5*n + 4*i. Let m be (-60)/(-16) + (-1)/(-4). Suppose m*h + 148 - n = 0. Calculate the highest common factor of 24 and h.
12
Let a be 2 - (-2 - (-1 + 330)). What is the greatest common factor of 37 and a?
37
Let j be 2/(-6) + 42/18. Suppose j*r + 0*r - 108 = 0. What is the greatest common factor of r and 18?
18
Let f be (-2 - -6) + -2 - 117. Let c be f/(-35) - 4/14. Let s(o) = -o + 9. Let d be s(6). What is the highest common factor of d and c?
3
Let f be (-2 - -2 - -2) + -113. Let j = f + 244. Suppose -j - 17 = -3*g. Calculate the greatest common divisor of 10 and g.
10
Suppose 5*v - 42 = 2*r, 2*v + 4*r - 13 = r. Let n = v - 5. Suppose n*l = -l + 44. What is the highest common factor of l and 44?
11
Suppose -10*m + 195 = -5*m. Calculate the highest common factor of 273 and m.
39
Let f(w) be the third derivative of w**5/60 - 5*w**4/24 + w**3/2 + 7*w**2. Let d be f(5). What is the highest common divisor of d and 6?
3
Suppose 11*o + 220 = 583. Let y = -8 + 11. Calculate the highest common factor of o and y.
3
Let f(i) = 5 - 3 + 3*i - 3. Let v be f(1). What is the highest common factor of v and 2?
2
Let q be 1/(2*3/108). Calculate the highest common divisor of q and 198.
18
Let b = -14 + 7. Let k(u) = -u**3 - 6*u**2 + 6*u - 4. Let a be k(b). Calculate the greatest common factor of a and 33.
3
Suppose 0 = 2*c - c - 9. Suppose -c = -5*n + 6. Calculate the greatest common factor of n and 1.
1
Suppose -14 = -3*u - 5. Let w be (-49 - 3)/(u/(-6)). What is the highest common divisor of 13 and w?
13
Let a(x) = 4 + 4 + x**3 - 3*x - 2*x**3. Let r be a(6). Let f be r/(-7) + (-8)/28. Calculate the highest common divisor of f and 16.
16
Let o = 13 - -32. Let x be 6/(-4)*(-62)/3. Suppose -10 = 2*j, 0 = 8*y - 4*y + j - x. Calculate the highest common divisor of o and y.
9
Let g = -2 + 2. Suppose -3*i - i + 360 = g. Suppose 7*t = 75 - 5. Calculate the highest common factor of t and i.
10
Suppose -7*c - 253 = -869. Calculate the highest common divisor of 8 and c.
8
Let d = -115 - -57. Let g be ((-12)/8)/(3/d). What is the greatest common factor of 145 and g?
29
Suppose 0 = -i + 8 + 55. Calculate the highest common factor of 7 and i.
7
Let t be ((-4)/10)/(-4*(-3)/(-1440)). What is the highest common factor of 32 and t?
16
Suppose -5*i = 3*v - 4*v - 255, 4*i - 5*v = 225. Calculate the greatest common factor of 20 and i.
10
Suppose 5*m + 10 = 0, -4*v - 18 = -0*v + 5*m. Let b = 4 + v. Suppose 3*u = 5*u - b*h - 4, -5*h = u - 20. What is the greatest common factor of 15 and u?
5
Let p(u) = -u**3 - 3*u**2 + 5*u - 9. Let n be p(-7). What is the greatest common factor of n and 19?
19
Let t be (-4)/(-10)*(7 - -3). Suppose -3*x - 14 = -t*x. Let o = 277 + -165. Calculate the greatest common factor of x and o.
14
Let y = -4 - -9. Suppose 0*q - y = -q. What is the highest common factor of q and 45?
5
Suppose -4*b - 4*a = -128, -14 = -b - 5*a + 22. Let c = -17 + b. Suppose 4*l = 165 + 115. What is the greatest common factor of c and l?
14
Suppose 19*l - 5 = 223. Let d = -7 + 3. Let z be ((-9)/d)/(3/160). Calculate the highest common factor of z and l.
12
Let k(w) = -19*w - 1. Let d be k(-2). Let z be 1/(-1)*560/(-14). Let h = d + z. Calculate the highest common divisor of h and 11.
11
Let i(k) = k**3 + 14*k**2 + 15*k + 12. Let t be i(-12). What is the greatest common divisor of t and 48?
24
Let n be (-2)/(-3)*(-63)/(-3). Suppose -2*i - 4 = -0*i. Let d be ((-16)/10)/(i/70). Calculate the greatest common divisor of d and n.
14
Suppose 2*q + 25 = 93. Suppose -4*f - 2*v + 204 = 0, -2*f + 4*v = -f - 51. Calculate the highest common factor of f and q.
17
Suppose 0 = 4*z + 10*z - 1960. What is the greatest common factor of 20 and z?
20
Let u be (-2)/(-6) + (-14)/(-21). Suppose -3*l = -17 - u. What is the highest common divisor of l and 15?
3
Suppose -23*u + 133 = -4*u. Suppose -g = -4*g + 105. What is the highest common divisor of g and u?
7
Let a = 86 - 41. Calculate the greatest common factor of 9 and a.
9
Suppose 3*y = 46 + 107. Let q = -34 + y. Calculate the highest common divisor of q and 51.
17
Suppose 6 = 5*p + 5*w - 4, -4*w = -4*p - 24. Let g be p/(2 + 117/(-57)). Let s(r) = -17*r - 7. Let h be s(-6). What is the greatest common factor of h and g?
19
Let z(r) = r - 15. Let f be z(15). Suppose 3*m + 2*v = 4*v + 105, 4*m + 4*v - 140 = f. What is the highest common divisor of 7 and m?
7
Suppose 4*m = 3*m + 8. Suppose -m = -2*s + 16. What is the greatest common factor of 24 and s?
12
Let q = -13 - -37. Calculate the highest common factor of q and 4.
4
Let x(t) = -t - 1 - 2*t - 3*t**2 + t**3 + 0*t. Let q be x(4). Suppose 5*n - 7 - 13 = 0, -m + q = -4*n. Calculate the greatest common divisor of 19 and m.
19
Let d = -153 + 241. What is the greatest common divisor of 22 and d?
22
Let l be 3/3 - -13 - 1. Suppose -5*p + 5*g - 13 = -58, 0 = -5*p - 3*g + l. Let i(q) = 10*q - 5. Let r be i(6). What is the highest common factor of r and p?
5
Let c(y) = 10*y - 18. Let b be c(7). Calculate the greatest common factor of b and 4.
4
Suppose 3*a + 48 = 5*a. Calculate the highest common divisor of a and 12.
12
Let h = 9 - -1. Suppose -h*f = -8*f - 96. What is the greatest common divisor of 16 and f?
16
Let p be ((-11)/4 + -3)*-36. Calculate the highest common factor of p and 9.
9
Let a(z) = 8 - 2 - 2 - 10*z + 0. Let q be a(-8). What is the highest common factor of 12 and q?
12
Suppose t - l - 12 = 0, -l - 4*l = t - 12. Let b(h) = 3*h**2 - 5*h - 4. Let d be b(4). Calculate the greatest common factor of t and d.
12
Let f = 44 + -6. Suppose f + 28 = -3*v. Let q = 34 + v. Calculate the highest common divisor of q and 6.
6
Let s(j) = j**3 + 10*j**2 + 8*j + 24. Let q be s(-9). What is the highest common factor of q and 55?
11
Let x be 11 + 2 + -3 + 1. Suppose h - 37 = -x. What is the highest common factor of 65 and h?
13
Let c be (24 + -25)/((-2)/12). What is the greatest common divisor of c and 12?
6
Let x(v) = -8*v - 10. Let r be x(-2). What is the greatest common divisor of r and 78?
6
Let q(h) = h + 4*h**2 - 1 - 3*h**2 - 3*h. Let b be q(-1). What is the highest common divisor of b and 18?
2
Suppose 0 = -5*t + 2*y - 115, 5*t = t - 4*y - 92. Let k = t + 37. Calculate the greatest common divisor of 70 and k.
14
Let a be (-2726)/(-26) + 12/78. Calculate the greatest common divisor of a and 42.
21
Let k = 59 + -29. Suppose -4*g - 99 = -3*a, -12 = 4*g + 5*a + 47. Let f = k + g. What is the greatest common factor of 27 and f?
9
Suppose 0 = -5*q + 6*q - 40. Suppose 0 = -4*w + f + 28, 9*w - 6*w = -5*f + 44. What is the highest common divisor of w and q?
8
Let r(c) = -5*c - 20. Let n be r(-10). Let b(g) = g**2 + 3*g - 7. Let o be b(-5). Let z = 3 + o. What is the highest common divisor of n and z?
6
Suppose -4*z - 2*y + 37 = -y, -z + 4*y + 5 = 0. What is the greatest common divisor of 63 and z?
9
Let w(d) = -6*d**3 + d**2 - d - 1. Let b be w(-1). Let c = b - 5. What is the greatest common divisor of 8 and c?
2
Let h(y) = -y**3 - y**2 + y + 110. Let r be h(0). Calculate the highest common divisor of 22 and r.
22
Let d = -12 + 12. Suppose d = x - 68 + 8. Calculate the greatest common factor of x and 12.
12
Suppose 18*o - 12*o - 90 = 0. Calculate the highest common divisor of o and 30.
15
Let g(d) = -d**2 + 12*d + 12. Let v be g(10). What is the highest common factor of 128 and v?
32
Suppose -z - 5*m = 11, 3*z - m - m - 1 = 0. Let c be 7*-1*1*z. Let q be 4 - (-5)/(-10)*-6. Calculate the highest common divisor of c and q.
7
Let p be (-73)/(-1) - (0 - -1). Let l = -8 + -34. Let t = p + l. What is the greatest common factor of 6 and t?
6
Suppose 4*f - 12 = -0*f. Let w be ((-9)/12)/(f/(-8)). What is the highest common factor of 14 and w?
2
Suppose -1 = -a + 3. Let b(o) = o**2 + 16*o - 16. Let y be b(-17). Calculate the greatest common divisor of a and y.
1
Let l be (-2 - -2)*(-1)/(-2). Suppose 5*w - 4 - 1 = l. What is the highest common factor of 1 and w?
1
Let k = -157 - -514. Suppose -3*u + 2*m = -0*m - k, -2*u - 4*m = -254. What is the greatest common factor of u and 11?
11
Let u = -15 + 